undreds digit of i(2)?
6
Let s(m) = 33*m**2 + 6*m + 9. Let p be s(-6). Let o be p/12 - 9/12. Let w = o - 67. What is the units digit of w?
9
Let f = 9 - 4. Let w(v) = -v**2 - 66*v - 454. Let u be w(-53). Suppose -f*r + 590 + u = 0. What is the tens digit of r?
6
Suppose u + 2 = -t, 3*u + 20 + 1 = 2*t. Suppose 8*s + 4*z = 3*s + 2808, 2265 = 4*s - t*z. What is the hundreds digit of s?
5
Suppose -10*t + 21248 = -26372. What is the units digit of t?
2
Suppose -3*q + q - 14 = 0. Let w(h) = h**2 + 3*h + 1. Let b be w(q). Suppose -1 = d - b. What is the units digit of d?
8
Let h(m) be the first derivative of m**4/4 - 2*m**3/3 + 4*m**2 - 10*m - 336. Let k be -6*4/(-6) + 1. What is the units digit of h(k)?
5
Suppose 0*f + 5*f + 3220 = 5*y, -3*f + 5*y - 1924 = 0. Let b = f - -1081. Suppose 121 - b = -2*q. What is the hundreds digit of q?
1
Let i be ((-84)/(-36))/((-2)/(-24)). Suppose 2*m - 116 = -i. Suppose 0 = -g + m - 6. What is the tens digit of g?
3
Suppose -5*w + 6*w = 5. Suppose 45 - 475 = -w*c. Suppose 0 = -3*p - k + c, 3*p - 3*k = -k + 98. What is the tens digit of p?
3
What is the tens digit of (-14)/(3 - 1) + 21/((-315)/(-682800))?
1
Suppose -4*l + 790 = 3*o, 3*o - 2*l - 72 = 694. Let q = o + -82. What is the tens digit of (-4)/(-18) - 3/((-54)/q)?
1
Suppose 0 + 8 = -2*d. Let w be (-3 - -1)*(-7 - 24/d). Suppose -39 = w*h - 139. What is the units digit of h?
0
What is the ten thousands digit of ((-4300)/(-3) - 5)*19497/485?
5
Let n be 4/(-6)*297/(-22). Suppose 8*k + 954 = n*k. What is the tens digit of k?
5
Let j be (-1 - 16/5)*10660/(-52). Let k = j - 207. What is the hundreds digit of k?
6
Let q(y) = 6*y - 5 + 61 + 69*y. What is the hundreds digit of q(7)?
5
Let x(s) = -2*s**2 + 14*s - 12. Suppose -26*w + 27*w = 5. Let g be x(w). Suppose 0 = g*v + v - 1116. What is the hundreds digit of v?
1
Let z = 59 - 57. Suppose w + b + 7 - 150 = 0, -5*b = -z*w + 307. What is the tens digit of w?
4
Let s be ((-3)/2)/((-3)/(-80)). Let f be (17 - 13) + (153/6)/(1/4). Let p = s + f. What is the units digit of p?
6
Suppose -28601 = 401*l - 415*l + 51661. What is the tens digit of l?
3
Let r(p) = 14931*p**3 - 4*p**2 + 2*p + 2. What is the ten thousands digit of r(1)?
1
Let r(s) be the first derivative of s**4/4 + 4*s**3 - s**2 - 47. Let a be r(-10). Let l = a - 38. What is the units digit of l?
2
Let v = 117 - 111. Let c be (13 - v)/((-2)/(-2)). Suppose -c = -s - 0*s. What is the units digit of s?
7
Let l be ((-2)/(-4))/((-7)/70) - -9. Suppose -k - 5*q + 6*q = -299, l*k + q - 1191 = 0. What is the units digit of k?
8
Let x(p) = 19*p**2 - 4*p + 5. Let c(d) = 2*d**2 + d - 1. Let k(t) = c(t) + x(t). What is the tens digit of k(3)?
8
Suppose -z = -2*c - 6, -2*z + 3*c + 9 = 2*z. Suppose 4*v - 3*k - 687 = 0, z = -v - v - 5*k + 363. What is the units digit of v?
4
Let u be (2 - 9/(-2))/((-2)/(-4)). Let t = 124 + u. Let y = t - -1. What is the hundreds digit of y?
1
Let b be (-12)/(-5)*-1 - 12/(-30). Let t be ((-84)/70)/(b + 34/20). Suppose -t*s - 3*x + 640 = 0, 5*s = 2*s - 2*x + 479. What is the tens digit of s?
5
Let y(b) = 53*b**2 - 23*b - 93. Let q be y(-5). Suppose 2*v + 3*g = 4*g + q, 1341 = 2*v + g. What is the hundreds digit of v?
6
Let o(w) = -45 + 21*w - w**2 - 22 + 11. What is the tens digit of o(14)?
4
Let w(a) = -4772*a - 1596. What is the units digit of w(-12)?
8
Let a = -69 - -73. Suppose 0 = -a*z + 3*c + 853, -888 = -4*z - c - 3*c. What is the units digit of z?
7
Let b(t) be the second derivative of 89*t**3/3 + 21*t**2 - 4*t - 5. What is the units digit of b(4)?
4
Suppose -5*r + 5563 = j, -j - 4*r + 2035 = -3526. What is the units digit of j?
3
Suppose 2*k = 1636 + 8666. What is the thousands digit of k?
5
Let r(m) = -13*m**2 + 75*m + 6. Let u(f) = 13*f**2 - 74*f - 2. Let t(x) = 5*r(x) + 6*u(x). What is the hundreds digit of t(11)?
8
Suppose n - 7668 = -5*w, 0*w + 4*w = 2*n + 6126. Let d = w - -339. Suppose 16*q + d = 25*q. What is the hundreds digit of q?
2
Suppose -20*v - 67949 - 23251 = 0. What is the units digit of (v/(-3))/4 - (-18)/6?
3
Let c(x) = x**2 + 11*x + 15. Let l(d) = -6*d + 39. Let h be l(5). What is the tens digit of c(h)?
9
What is the units digit of (-654955)/(-84) + (-26)/312?
7
Suppose 38*i + 426 = 40*i. Suppose -3*a - i = w - 4*w, -5*a = 5*w - 385. What is the units digit of w?
4
Let n = -79 + 198. What is the tens digit of -9 + n - (-5)/((-5)/2)?
0
Suppose 4*a - 7801 = 50*t - 51*t, 3*a = 3*t - 23373. What is the tens digit of t?
9
Let i(w) = -4*w**3 - w**2 - 45*w - 17. Let x be i(-7). Let g = x - 123. What is the units digit of g?
8
Suppose j = -4 + 2. Let r be 487/(-5) + ((-8)/5 - j). Let m = r + 123. What is the tens digit of m?
2
Suppose 5*k - 2*o - 139288 = -30320, -2*k - 5*o + 43622 = 0. What is the hundreds digit of k?
7
What is the tens digit of (-1 - 0)/((-1006430)/(-83870) - 12)?
8
Let k = -104600 + 150248. What is the tens digit of k?
4
Let d = 23858 - 11973. What is the ten thousands digit of d?
1
What is the thousands digit of -1 + 799*12 - (-9 - 4 - -17)?
9
Suppose 11 = 2*l + i, 2*l + 3 = -5*i - 6. Suppose -22*c + 322 = -l*c. Suppose -22*j - 29 = -c*j. What is the tens digit of j?
2
Let o(u) be the second derivative of u**3/3 + 19*u**2/2 - 5*u. Let a be o(-7). Suppose 0*i = i - p - 77, -i + 93 = -a*p. What is the tens digit of i?
7
Suppose -6*g + 778 + 2840 = 0. Suppose 3*s = -t + g, 5*s - 4 - 6 = 0. What is the hundreds digit of t?
5
Let d be -5 + 3938 - (-4 - 3). Suppose -11*l = -l - d. What is the units digit of l?
4
Let s = -17308 - -26621. What is the hundreds digit of s?
3
Let p(o) = 114*o**3 + 6*o**2 - 65*o + 243. What is the tens digit of p(6)?
9
Let o(p) = 3*p - 29. Let x be (((-56)/(-12))/(-7))/(2/(-21)). Suppose -x*i + 69 = -22. What is the units digit of o(i)?
0
Let t(f) = 11*f - 19. Let i(k) = k**2 - 2*k + 5. Let s be i(3). Let g be t(s). Let r = g - 46. What is the tens digit of r?
2
Let b(x) = -8678*x + 4075. What is the hundreds digit of b(-6)?
1
Suppose -11398 = -z + 2*i, 24*i = -4*z + 21*i + 45592. What is the hundreds digit of z?
3
What is the units digit of (-5 - -967)/((-11)/(1870/(-20)))?
7
Suppose t = 3*t - 290. Suppose -t = -12*c + 11*c. What is the units digit of c?
5
Suppose m + 3*m - 8 = 0. Suppose -2*y = -0*d - m*d - 54, 4*y - 2*d - 116 = 0. Suppose 6 = s - y. What is the units digit of s?
7
What is the thousands digit of (-14 - (-718042)/104)/((-9)/(-48))?
6
Suppose -25515 = -13*f + 3605. Suppose -f = -w - 2*r - 857, 4*r = 3*w - 4169. What is the thousands digit of w?
1
Suppose 0 = -3*z - r - 2, -5*z - 2 = r. Suppose d = 5*j - 94, d - 3*j + j + 88 = z. Let o = d - -125. What is the tens digit of o?
4
Let h be (-9580)/(-28) + (-1)/7. Suppose 0 = -5*q - 4*l - 0*l - 627, -5*l + 10 = 0. Let x = h + q. What is the tens digit of x?
1
Suppose -105*j + 1081317 = -781173. What is the ten thousands digit of j?
1
Suppose 6*c + 5*n - 25 = c, -2*n + 14 = 3*c. Let h = -1085 - -1628. Suppose h = 5*z - 2*b, 0*z + z + c*b = 91. What is the hundreds digit of z?
1
Let r(l) = l**3 + 12*l**2 - 25*l - 2. Let p be r(-10). Suppose -1475 = 4*z + z. Let u = z + p. What is the hundreds digit of u?
1
Suppose 5*s - 2*x - 617 = 0, -3*x = s - 2*s + 126. Let a = s + -85. Suppose j + a = 2*j. What is the units digit of j?
8
Let c(k) = 61*k - 996. What is the thousands digit of c(109)?
5
Let r = 1 - -386. Suppose 5*m - 648 = r. What is the units digit of m?
7
Let p(u) = 23*u**2 + 4*u + 8. Suppose -3*d + 3 = -3*c, -2*c - 3*d - 5 = -c. Let j be p(c). Suppose 3*k = -3, 4*b + 4*k - 140 = j. What is the units digit of b?
9
Let a(l) = -3 + 16*l - 125*l - 144*l + 7. Let n be a(-2). Suppose -3*y - 3*y = -n. What is the units digit of y?
5
Let r(a) = -37*a + 38. Let x(m) = -3*m - 14. Let l be x(-3). What is the hundreds digit of r(l)?
2
Suppose 126*w = 15*w + 2291262. What is the tens digit of w?
4
Let u(y) = -13*y**2 - 6*y - 51. Let c(x) = 14*x**2 + 5*x + 49. Let v(w) = 4*c(w) + 3*u(w). What is the tens digit of v(8)?
4
Suppose 0 = -94*t + 59*t + 302295. What is the tens digit of t?
3
Suppose -123 = -2*r - 2*x + 61, -5*r - 4*x + 457 = 0. Suppose 7*z + r = 1090. What is the units digit of z?
3
Let b(f) = 27*f + 96. Let i be b(-2). Suppose -7*g + 49147 = i*g. What is the thousands digit of g?
1
Let d = 23076 + -13402. What is t